est common factor of 76483 and 82417181?
4499
Calculate the greatest common factor of 24159556 and 12036.
236
Calculate the highest common divisor of 41460 and 75918.
6
What is the highest common factor of 220646910 and 888?
222
What is the highest common factor of 3 and 62101353?
3
What is the greatest common factor of 273105 and 1539945?
2295
What is the highest common factor of 2655770 and 2168140?
4030
What is the highest common divisor of 3971953 and 22117?
1301
Calculate the greatest common divisor of 420724 and 441268.
428
Calculate the highest common factor of 8430 and 19330.
10
Calculate the highest common factor of 1083 and 2728058.
19
Calculate the greatest common divisor of 383430042 and 846.
846
What is the highest common divisor of 483 and 1214929?
23
Calculate the greatest common divisor of 335020 and 10780.
140
What is the highest common factor of 78 and 154758?
6
What is the greatest common factor of 5854 and 52899671?
2927
Calculate the greatest common divisor of 140191422 and 28.
14
What is the highest common divisor of 98 and 19516126?
14
Calculate the greatest common factor of 191902164 and 348.
348
What is the greatest common factor of 9 and 605735?
1
What is the greatest common factor of 6003 and 5076711?
261
What is the highest common divisor of 60 and 1462224?
12
Calculate the highest common divisor of 96 and 23882892.
12
Calculate the highest common factor of 2722674 and 4758.
366
What is the highest common factor of 7915568 and 632?
8
Calculate the greatest common factor of 36800 and 1404080.
80
What is the greatest common divisor of 14877 and 16287009?
1653
Calculate the highest common divisor of 126 and 22036602.
42
Calculate the highest common factor of 1221 and 96741495.
111
What is the greatest common divisor of 85 and 431980?
5
What is the highest common divisor of 1 and 158077?
1
What is the greatest common divisor of 274762 and 5116138?
3478
What is the greatest common divisor of 14055394 and 670?
134
Calculate the highest common factor of 2329 and 3347130.
17
Calculate the highest common factor of 1568 and 40667501.
49
What is the highest common factor of 27331226 and 208?
26
What is the greatest common factor of 2477273 and 344129?
2279
What is the greatest common divisor of 44081 and 5870552?
2593
Calculate the highest common factor of 26 and 638857206.
26
Calculate the greatest common factor of 22012 and 275342605.
5503
What is the greatest common factor of 381 and 5487576?
3
What is the greatest common factor of 4048 and 5647696?
368
What is the highest common factor of 396024 and 64641?
87
What is the greatest common factor of 760203 and 27?
9
What is the greatest common factor of 1243431 and 112875?
903
What is the highest common factor of 754802 and 11122?
166
Calculate the highest common factor of 588 and 6229524.
84
Calculate the greatest common divisor of 127537 and 1192256.
1433
Calculate the greatest common divisor of 230 and 2100280.
10
Calculate the greatest common divisor of 182836 and 197.
1
What is the greatest common factor of 28 and 2080022?
14
Calculate the greatest common factor of 625412502 and 11583.
11583
Calculate the greatest common factor of 204484 and 42074.
218
What is the highest common factor of 24882 and 9294558?
2262
What is the greatest common divisor of 55505625 and 50625?
1875
Calculate the highest common divisor of 240 and 717036240.
240
Calculate the greatest common divisor of 13286 and 35434.
14
What is the greatest common factor of 1001 and 26389825?
77
Calculate the highest common divisor of 40548 and 710898.
654
Calculate the greatest common factor of 20196 and 24327.
459
What is the highest common divisor of 1214 and 144459930?
1214
What is the greatest common divisor of 1341 and 4312116?
9
Calculate the greatest common divisor of 98 and 1721552966.
98
What is the greatest common factor of 13139621 and 3553?
209
Calculate the greatest common factor of 1274 and 78596050.
26
What is the highest common factor of 10634598 and 702?
702
Calculate the highest common factor of 1692 and 4557026.
94
What is the greatest common divisor of 6172739 and 1083?
361
Calculate the greatest common divisor of 236144 and 22456.
8
What is the highest common divisor of 4144464 and 1088?
272
Calculate the greatest common factor of 1098187308 and 6156.
6156
Calculate the greatest common divisor of 11044 and 764044.
1004
What is the greatest common factor of 320 and 11014730?
10
Calculate the greatest common factor of 3647 and 39851.
7
What is the greatest common divisor of 387246 and 2796000?
1398
What is the highest common factor of 663 and 54441?
3
What is the greatest common factor of 165875 and 233000?
125
What is the highest common factor of 1540 and 18010520?
220
What is the highest common factor of 69799 and 34117?
313
What is the greatest common factor of 135548 and 8507?
47
What is the greatest common divisor of 63572 and 122084?
92
What is the highest common factor of 8505 and 14868?
63
What is the greatest common divisor of 235840 and 39622?
22
What is the highest common divisor of 26475 and 631164?
1059
What is the greatest common divisor of 1104150 and 312222?
102
What is the greatest common factor of 12414129 and 2886?
1443
Calculate the highest common divisor of 46699036 and 9924.
3308
Calculate the greatest common divisor of 5580646 and 244.
122
Calculate the greatest common factor of 120280 and 74152.
248
Calculate the highest common factor of 11678490 and 1445.
1445
What is the highest common factor of 12850 and 864034?
514
Calculate the greatest common divisor of 164 and 1868476.
4
What is the greatest common factor of 924 and 605946?
66
What is the highest common divisor of 151 and 58265162?
151
Calculate the greatest common divisor of 1125 and 2003850.
225
Calculate the greatest common factor of 170 and 1775250.
10
Calculate the highest common factor of 4867905 and 15729.
147
What is the greatest common divisor of 596 and 109558508?
596
What is the highest common factor of 3732 and 924735486?
1866
What is the greatest common divisor of 540 and 1508800?
20
What is the greatest common divisor of 3698720 and 1440?
160
Calculate the highest common factor of 148 and 2158964.
4
What is the highest common divisor of 340513178 and 2056?
514
Calculate the highest common factor of 92 and 2377803618.
46
Calculate the greatest common factor of 2527400 and 1048.
8
What is the highest common factor of 20685 and 670785?
2955
What is the greatest common divisor of 157905 and 71632?
121
What is the greatest common factor of 276496272 and 1872?
1872
Calculate the greatest common divisor of 59610682 and 1868.
934
What is the highest common divisor of 490 and 1865234?
98
Calculate the highest common divisor of 14000 and 11864000.
2000
Calculate the highest common divisor of 13202779 and 82.
41
Calculate the greatest common factor of 10321540 and 895.
5
Calculate the highest common factor of 2664296 and 2072.
296
What is the highest common factor of 1557 and 9028697?
173
Calculate the highest common divisor of 256511 and 2189.
199
Calculate the greatest common divisor of 55365 and 47440423.
3691
What is the greatest common factor of 48 and 24732?
12
What is the highest common divisor of 867 and 2489973?
51
Calculate the highest common factor of 24336 and 3162708.
36
Calculate the highest common divisor of 5891056 and 371.
53
What is the greatest common factor of 8666688 and 832?
64
What is the highest common divisor of 342 and 95262?
6
Calculate the greatest common divisor of 331 and 5962303.
331
Calculate the highest common divisor of 4147087 and 60233.
899
Calculate the greatest common divisor of 272568252 and 96624.
8052
Calculate the greatest common factor of 343533 and 61707.
921
Calculate the highest common factor of 158242 and 22582.
14
What is the greatest common divisor of 9689732 and 93?
31
Calculate the highest common divisor of 29747 and 361.
1
Calculate the highest common divisor of 3357 and 117864.
9
What is the greatest common factor of 57546 and 72342?
18
What is the highest common divisor of 10197880 and 134750?
5390
What is the highest common divisor of 14 and 2142679?
7
What is the highest common divisor of 4998128 and 1136?
16
Calculate the highest common divisor of